[INFO] cloning repository https://github.com/Nu-SCPTheme/deepwell-rpc
[INFO] running `Command { std: "git" "-c" "credential.helper=" "-c" "credential.helper=/workspace/cargo-home/bin/git-credential-null" "clone" "--bare" "https://github.com/Nu-SCPTheme/deepwell-rpc" "/workspace/cache/git-repos/https%3A%2F%2Fgithub.com%2FNu-SCPTheme%2Fdeepwell-rpc", kill_on_drop: false }`
[INFO] [stderr] Cloning into bare repository '/workspace/cache/git-repos/https%3A%2F%2Fgithub.com%2FNu-SCPTheme%2Fdeepwell-rpc'...
[INFO] running `Command { std: "git" "rev-parse" "HEAD", kill_on_drop: false }`
[INFO] [stdout] d17135f530af6137f4a3e0a7bf188f9c3d923c2d
[INFO] checking Nu-SCPTheme/deepwell-rpc against master#af3c6e733a40e671550e0f0f5aeecaa13772ba56 for pr-74989
[INFO] running `Command { std: "git" "clone" "/workspace/cache/git-repos/https%3A%2F%2Fgithub.com%2FNu-SCPTheme%2Fdeepwell-rpc" "/workspace/builds/worker-2/source", kill_on_drop: false }`
[INFO] [stderr] Cloning into '/workspace/builds/worker-2/source'...
[INFO] [stderr] done.
[INFO] validating manifest of git repo https://github.com/Nu-SCPTheme/deepwell-rpc on toolchain af3c6e733a40e671550e0f0f5aeecaa13772ba56
[INFO] running `Command { std: "/workspace/cargo-home/bin/cargo" "+af3c6e733a40e671550e0f0f5aeecaa13772ba56" "read-manifest" "--manifest-path" "Cargo.toml", kill_on_drop: false }`
[INFO] started tweaking git repo https://github.com/Nu-SCPTheme/deepwell-rpc
[INFO] removed path dependency deepwell from git repo https://github.com/Nu-SCPTheme/deepwell-rpc
[INFO] removed path dependency deepwell-core from git repo https://github.com/Nu-SCPTheme/deepwell-rpc
[INFO] finished tweaking git repo https://github.com/Nu-SCPTheme/deepwell-rpc
[INFO] tweaked toml for git repo https://github.com/Nu-SCPTheme/deepwell-rpc written to /workspace/builds/worker-2/source/Cargo.toml
[INFO] crate git repo https://github.com/Nu-SCPTheme/deepwell-rpc already has a lockfile, it will not be regenerated
[INFO] running `Command { std: "/workspace/cargo-home/bin/cargo" "+af3c6e733a40e671550e0f0f5aeecaa13772ba56" "fetch" "--locked" "--manifest-path" "Cargo.toml", kill_on_drop: false }`
[INFO] [stderr] warning: dependency (deepwell) specified without providing a local path, Git repository, or version to use. This will be considered an error in future versions
[INFO] [stderr] warning: dependency (deepwell-core) specified without providing a local path, Git repository, or version to use. This will be considered an error in future versions
[INFO] [stderr]     Updating crates.io index
[INFO] [stderr] error: the lock file /workspace/builds/worker-2/source/Cargo.lock needs to be updated but --locked was passed to prevent this
[INFO] [stderr] If you want to try to generate the lock file without accessing the network, use the --offline flag.
[INFO] the lockfile is outdated, regenerating it
[INFO] running `Command { std: "/workspace/cargo-home/bin/cargo" "+af3c6e733a40e671550e0f0f5aeecaa13772ba56" "generate-lockfile" "--manifest-path" "Cargo.toml" "-Zno-index-update", kill_on_drop: false }`
[INFO] running `Command { std: "/workspace/cargo-home/bin/cargo" "+af3c6e733a40e671550e0f0f5aeecaa13772ba56" "fetch" "--locked" "--manifest-path" "Cargo.toml", kill_on_drop: false }`
[INFO] [stderr] warning: dependency (deepwell) specified without providing a local path, Git repository, or version to use. This will be considered an error in future versions
[INFO] [stderr] warning: dependency (deepwell-core) specified without providing a local path, Git repository, or version to use. This will be considered an error in future versions
[INFO] running `Command { std: "docker" "create" "-v" "/var/lib/crater-agent-workspace/builds/worker-2/target:/opt/rustwide/target:rw,Z" "-v" "/var/lib/crater-agent-workspace/builds/worker-2/source:/opt/rustwide/workdir:ro,Z" "-v" "/var/lib/crater-agent-workspace/cargo-home:/opt/rustwide/cargo-home:ro,Z" "-v" "/var/lib/crater-agent-workspace/rustup-home:/opt/rustwide/rustup-home:ro,Z" "-e" "SOURCE_DIR=/opt/rustwide/workdir" "-e" "CARGO_TARGET_DIR=/opt/rustwide/target" "-e" "CARGO_HOME=/opt/rustwide/cargo-home" "-e" "RUSTUP_HOME=/opt/rustwide/rustup-home" "-w" "/opt/rustwide/workdir" "-m" "1610612736" "--user" "0:0" "--network" "none" "rustops/crates-build-env@sha256:d92eaeed33fa75130ca1ee6c8a01d1ffb62bac859dfdfb3450e3e5d1c0146529" "/opt/rustwide/cargo-home/bin/cargo" "+af3c6e733a40e671550e0f0f5aeecaa13772ba56" "metadata" "--no-deps" "--format-version=1", kill_on_drop: false }`
[INFO] [stdout] 6f3506804f1d0e2f5aea4f1353ab7fec7dbf57860a2a3aec1199c3719f5d23d2
[INFO] [stderr] WARNING: Your kernel does not support swap limit capabilities or the cgroup is not mounted. Memory limited without swap.
[INFO] running `Command { std: "docker" "start" "-a" "6f3506804f1d0e2f5aea4f1353ab7fec7dbf57860a2a3aec1199c3719f5d23d2", kill_on_drop: false }`
[INFO] running `Command { std: "docker" "inspect" "6f3506804f1d0e2f5aea4f1353ab7fec7dbf57860a2a3aec1199c3719f5d23d2", kill_on_drop: false }`
[INFO] running `Command { std: "docker" "rm" "-f" "6f3506804f1d0e2f5aea4f1353ab7fec7dbf57860a2a3aec1199c3719f5d23d2", kill_on_drop: false }`
[INFO] [stdout] 6f3506804f1d0e2f5aea4f1353ab7fec7dbf57860a2a3aec1199c3719f5d23d2
[INFO] running `Command { std: "docker" "create" "-v" "/var/lib/crater-agent-workspace/builds/worker-2/target:/opt/rustwide/target:rw,Z" "-v" "/var/lib/crater-agent-workspace/builds/worker-2/source:/opt/rustwide/workdir:ro,Z" "-v" "/var/lib/crater-agent-workspace/cargo-home:/opt/rustwide/cargo-home:ro,Z" "-v" "/var/lib/crater-agent-workspace/rustup-home:/opt/rustwide/rustup-home:ro,Z" "-e" "SOURCE_DIR=/opt/rustwide/workdir" "-e" "CARGO_TARGET_DIR=/opt/rustwide/target" "-e" "CARGO_INCREMENTAL=0" "-e" "RUST_BACKTRACE=full" "-e" "RUSTFLAGS=--cap-lints=forbid" "-e" "CARGO_HOME=/opt/rustwide/cargo-home" "-e" "RUSTUP_HOME=/opt/rustwide/rustup-home" "-w" "/opt/rustwide/workdir" "-m" "1610612736" "--user" "0:0" "--network" "none" "rustops/crates-build-env@sha256:d92eaeed33fa75130ca1ee6c8a01d1ffb62bac859dfdfb3450e3e5d1c0146529" "/opt/rustwide/cargo-home/bin/cargo" "+af3c6e733a40e671550e0f0f5aeecaa13772ba56" "check" "--frozen" "--all" "--all-targets" "--message-format=json", kill_on_drop: false }`
[INFO] [stderr] WARNING: Your kernel does not support swap limit capabilities or the cgroup is not mounted. Memory limited without swap.
[INFO] [stdout] 3bca188192e65798dc67c3427d1d2c94f95e4061a6c520f3bdf47d77e7ade0dd
[INFO] running `Command { std: "docker" "start" "-a" "3bca188192e65798dc67c3427d1d2c94f95e4061a6c520f3bdf47d77e7ade0dd", kill_on_drop: false }`
[INFO] [stderr] warning: dependency (deepwell) specified without providing a local path, Git repository, or version to use. This will be considered an error in future versions
[INFO] [stderr] warning: dependency (deepwell-core) specified without providing a local path, Git repository, or version to use. This will be considered an error in future versions
[INFO] [stderr]    Compiling syn v1.0.40
[INFO] [stderr]     Checking cfg-if v0.1.10
[INFO] [stderr]    Compiling memchr v2.3.3
[INFO] [stderr]    Compiling log v0.4.11
[INFO] [stderr]    Compiling serde_derive v1.0.116
[INFO] [stderr]     Checking lazy_static v1.4.0
[INFO] [stderr]    Compiling serde v1.0.116
[INFO] [stderr]     Checking slab v0.4.2
[INFO] [stderr]     Checking futures-io v0.3.5
[INFO] [stderr]     Checking cache-padded v1.1.1
[INFO] [stderr]    Compiling bitflags v1.2.1
[INFO] [stderr]    Compiling getrandom v0.1.15
[INFO] [stderr]     Checking fastrand v1.3.5
[INFO] [stderr]     Checking waker-fn v1.1.0
[INFO] [stderr]     Checking parking v2.0.0
[INFO] [stderr]    Compiling byteorder v1.3.4
[INFO] [stderr]     Checking event-listener v2.4.0
[INFO] [stderr]     Checking quick-error v1.2.3
[INFO] [stderr]    Compiling gcc v0.3.55
[INFO] [stderr]     Checking async-task v3.0.0
[INFO] [stderr]     Checking vec-arena v0.5.2
[INFO] [stderr]    Compiling unicode-segmentation v1.6.0
[INFO] [stderr]     Checking termcolor v1.1.0
[INFO] [stderr]     Checking atomic-waker v1.0.0
[INFO] [stderr]     Checking unicode-width v0.1.8
[INFO] [stderr]     Checking scoped-tls v1.0.0
[INFO] [stderr]     Checking itoa v0.4.6
[INFO] [stderr]     Checking parking v1.0.6
[INFO] [stderr]     Checking strsim v0.8.0
[INFO] [stderr]     Checking percent-encoding v2.1.0
[INFO] [stderr]     Checking rustc-demangle v0.1.16
[INFO] [stderr]     Checking ref-map v0.1.1
[INFO] [stderr]     Checking vec_map v0.8.2
[INFO] [stderr]     Checking ansi_term v0.11.0
[INFO] [stderr]     Checking rustc-serialize v0.3.24
[INFO] [stderr]     Checking raii-counter v0.2.1
[INFO] [stderr]     Checking str-macro v0.1.4
[INFO] [stderr]    Compiling num-traits v0.2.12
[INFO] [stderr]    Compiling num-integer v0.1.43
[INFO] [stderr]    Compiling proc-macro-error-attr v1.0.4
[INFO] [stderr]    Compiling proc-macro-error v1.0.4
[INFO] [stderr]     Checking concurrent-queue v1.2.2
[INFO] [stderr]     Checking thread_local v1.0.1
[INFO] [stderr]     Checking humantime v1.3.0
[INFO] [stderr]     Checking async-mutex v1.3.0
[INFO] [stderr]     Checking textwrap v0.11.0
[INFO] [stderr]    Compiling heck v0.3.1
[INFO] [stderr]     Checking multitask v0.2.0
[INFO] [stderr]     Checking async-channel v1.4.2
[INFO] [stderr]     Checking time v0.1.44
[INFO] [stderr]     Checking iovec v0.1.4
[INFO] [stderr]     Checking net2 v0.2.35
[INFO] [stderr]     Checking atty v0.2.14
[INFO] [stderr]     Checking socket2 v0.3.15
[INFO] [stderr]     Checking signal-hook-registry v1.2.1
[INFO] [stderr]     Checking subprocess v0.1.20
[INFO] [stderr]     Checking rand v0.4.6
[INFO] [stderr]     Checking crossbeam-utils v0.7.2
[INFO] [stderr]     Checking backtrace v0.3.50
[INFO] [stderr]     Checking clap v2.33.3
[INFO] [stderr]     Checking rand_core v0.5.1
[INFO] [stderr]     Checking aho-corasick v0.7.13
[INFO] [stderr]     Checking futures-lite v0.1.11
[INFO] [stderr]     Checking mio v0.6.22
[INFO] [stderr]     Checking polling v0.1.9
[INFO] [stderr]     Checking kv-log-macro v1.0.7
[INFO] [stderr]     Checking rand_chacha v0.2.2
[INFO] [stderr]     Checking color-backtrace v0.3.0
[INFO] [stderr]    Compiling rust-crypto v0.2.36
[INFO] [stderr]     Checking rand v0.7.3
[INFO] [stderr]     Checking rand v0.3.23
[INFO] [stderr]     Checking async-io v0.1.11
[INFO] [stderr]     Checking blocking v0.5.2
[INFO] [stderr]     Checking mio-uds v0.6.8
[INFO] [stderr]     Checking regex v1.3.9
[INFO] [stderr]     Checking async-executor v0.1.2
[INFO] [stderr]     Checking async-std v1.6.3
[INFO] [stderr]     Checking env_logger v0.7.1
[INFO] [stderr]     Checking wikidot-normalize v0.4.1
[INFO] [stderr]     Checking pretty_env_logger v0.4.0
[INFO] [stderr]    Compiling pin-project-internal v0.4.23
[INFO] [stderr]    Compiling futures-macro v0.3.5
[INFO] [stderr]    Compiling diesel_derives v1.4.1
[INFO] [stderr]    Compiling thiserror-impl v1.0.20
[INFO] [stderr]    Compiling tokio-macros v0.2.5
[INFO] [stderr]    Compiling derivative v2.1.1
[INFO] [stderr]    Compiling tarpc-plugins v0.7.0
[INFO] [stderr]    Compiling structopt-derive v0.4.10
[INFO] [stderr]     Checking tokio v0.2.22
[INFO] [stderr]     Checking thiserror v1.0.20
[INFO] [stderr]     Checking structopt v0.3.17
[INFO] [stderr]     Checking pin-project v0.4.23
[INFO] [stderr]     Checking futures-util v0.3.5
[INFO] [stderr]     Checking tokio-util v0.2.0
[INFO] [stderr]     Checking futures-executor v0.3.5
[INFO] [stderr]     Checking futures v0.3.5
[INFO] [stderr]     Checking ipnetwork v0.16.0
[INFO] [stderr]     Checking chrono v0.4.15
[INFO] [stderr]     Checking serde_json v1.0.57
[INFO] [stderr]     Checking toml v0.5.6
[INFO] [stderr]     Checking tokio-serde v0.6.1
[INFO] [stderr]     Checking diesel v1.4.5
[INFO] [stderr]     Checking tarpc v0.20.0
[INFO] [stderr]     Checking deepwell-core v0.0.6
[INFO] [stderr]     Checking deepwell-core v0.0.8
[INFO] [stderr]     Checking deepwell v0.0.9
[INFO] [stderr]     Checking deepwell-rpc v0.0.6 (/opt/rustwide/workdir)
[INFO] [stdout] error[E0432]: unresolved import `deepwell_core::prelude`
[INFO] [stdout]   --> src/api.rs:24:20
[INFO] [stdout]    |
[INFO] [stdout] 24 | use deepwell_core::prelude::*;
[INFO] [stdout]    |                    ^^^^^^^ could not find `prelude` in `deepwell_core`
[INFO] [stdout] 
[INFO] [stdout] 
[INFO] [stdout] error[E0432]: unresolved import `deepwell_core::prelude`
[INFO] [stdout]   --> src/client.rs:23:20
[INFO] [stdout]    |
[INFO] [stdout] 23 | use deepwell_core::prelude::*;
[INFO] [stdout]    |                    ^^^^^^^ could not find `prelude` in `deepwell_core`
[INFO] [stdout] 
[INFO] [stdout] 
[INFO] [stdout] error[E0432]: unresolved import `deepwell_core::prelude`
[INFO] [stdout]   --> src/api.rs:24:20
[INFO] [stdout]    |
[INFO] [stdout] 24 | use deepwell_core::prelude::*;
[INFO] [stdout]    |                    ^^^^^^^ could not find `prelude` in `deepwell_core`
[INFO] [stdout] 
[INFO] [stdout] 
[INFO] [stdout] error[E0432]: unresolved import `deepwell_core::prelude`
[INFO] [stdout]   --> src/client.rs:23:20
[INFO] [stdout]    |
[INFO] [stdout] 23 | use deepwell_core::prelude::*;
[INFO] [stdout]    |                    ^^^^^^^ could not find `prelude` in `deepwell_core`
[INFO] [stdout] 
[INFO] [stdout] 
[INFO] [stdout] error[E0412]: cannot find type `Session` in this scope
[INFO] [stdout]   --> src/api.rs:40:17
[INFO] [stdout]    |
[INFO] [stdout] 40 |     ) -> Result<Session>;
[INFO] [stdout]    |                 ^^^^^^^ not found in this scope
[INFO] [stdout]    |
[INFO] [stdout] help: consider importing this struct
[INFO] [stdout]    |
[INFO] [stdout] 23 | use deepwell_core::Session;
[INFO] [stdout]    |
[INFO] [stdout] 
[INFO] [stdout] 
[INFO] [stdout] error[E0412]: cannot find type `SessionId` in this scope
[INFO] [stdout]   --> src/api.rs:42:33
[INFO] [stdout]    |
[INFO] [stdout] 42 |     async fn logout(session_id: SessionId, user_id: UserId) -> Result<()>;
[INFO] [stdout]    |                                 ^^^^^^^^^ not found in this scope
[INFO] [stdout]    |
[INFO] [stdout] help: consider importing this struct
[INFO] [stdout]    |
[INFO] [stdout] 23 | use deepwell_core::SessionId;
[INFO] [stdout]    |
[INFO] [stdout] 
[INFO] [stdout] 
[INFO] [stdout] error[E0412]: cannot find type `UserId` in this scope
[INFO] [stdout]   --> src/api.rs:42:53
[INFO] [stdout]    |
[INFO] [stdout] 42 |     async fn logout(session_id: SessionId, user_id: UserId) -> Result<()>;
[INFO] [stdout]    |                                                     ^^^^^^ not found in this scope
[INFO] [stdout]    |
[INFO] [stdout] help: consider importing one of these items
[INFO] [stdout]    |
[INFO] [stdout] 23 | use deepwell::prelude::UserId;
[INFO] [stdout]    |
[INFO] [stdout] 23 | use deepwell_core::UserId;
[INFO] [stdout]    |
[INFO] [stdout] 
[INFO] [stdout] 
[INFO] [stdout] error[E0412]: cannot find type `Session` in this scope
[INFO] [stdout]   --> src/api.rs:43:82
[INFO] [stdout]    |
[INFO] [stdout] 43 |     async fn logout_others(session_id: SessionId, user_id: UserId) -> Result<Vec<Session>>;
[INFO] [stdout]    |                                                                                  ^^^^^^^ not found in this scope
[INFO] [stdout]    |
[INFO] [stdout] help: consider importing this struct
[INFO] [stdout]    |
[INFO] [stdout] 23 | use deepwell_core::Session;
[INFO] [stdout]    |
[INFO] [stdout] 
[INFO] [stdout] 
[INFO] [stdout] error[E0412]: cannot find type `SessionId` in this scope
[INFO] [stdout]   --> src/api.rs:43:40
[INFO] [stdout]    |
[INFO] [stdout] 43 |     async fn logout_others(session_id: SessionId, user_id: UserId) -> Result<Vec<Session>>;
[INFO] [stdout]    |                                        ^^^^^^^^^ not found in this scope
[INFO] [stdout]    |
[INFO] [stdout] help: consider importing this struct
[INFO] [stdout]    |
[INFO] [stdout] 23 | use deepwell_core::SessionId;
[INFO] [stdout]    |
[INFO] [stdout] 
[INFO] [stdout] 
[INFO] [stdout] error[E0412]: cannot find type `UserId` in this scope
[INFO] [stdout]   --> src/api.rs:43:60
[INFO] [stdout]    |
[INFO] [stdout] 43 |     async fn logout_others(session_id: SessionId, user_id: UserId) -> Result<Vec<Session>>;
[INFO] [stdout]    |                                                            ^^^^^^ not found in this scope
[INFO] [stdout]    |
[INFO] [stdout] help: consider importing one of these items
[INFO] [stdout]    |
[INFO] [stdout] 23 | use deepwell::prelude::UserId;
[INFO] [stdout]    |
[INFO] [stdout] 23 | use deepwell_core::UserId;
[INFO] [stdout]    |
[INFO] [stdout] 
[INFO] [stdout] 
[INFO] [stdout] error[E0412]: cannot find type `SessionId` in this scope
[INFO] [stdout]   --> src/api.rs:44:40
[INFO] [stdout]    |
[INFO] [stdout] 44 |     async fn check_session(session_id: SessionId, user_id: UserId) -> Result<()>;
[INFO] [stdout]    |                                        ^^^^^^^^^ not found in this scope
[INFO] [stdout]    |
[INFO] [stdout] help: consider importing this struct
[INFO] [stdout]    |
[INFO] [stdout] 23 | use deepwell_core::SessionId;
[INFO] [stdout]    |
[INFO] [stdout] 
[INFO] [stdout] 
[INFO] [stdout] error[E0412]: cannot find type `UserId` in this scope
[INFO] [stdout]   --> src/api.rs:44:60
[INFO] [stdout]    |
[INFO] [stdout] 44 |     async fn check_session(session_id: SessionId, user_id: UserId) -> Result<()>;
[INFO] [stdout]    |                                                            ^^^^^^ not found in this scope
[INFO] [stdout]    |
[INFO] [stdout] help: consider importing one of these items
[INFO] [stdout]    |
[INFO] [stdout] 23 | use deepwell::prelude::UserId;
[INFO] [stdout]    |
[INFO] [stdout] 23 | use deepwell_core::UserId;
[INFO] [stdout]    |
[INFO] [stdout] 
[INFO] [stdout] 
[INFO] [stdout] error[E0412]: cannot find type `UserId` in this scope
[INFO] [stdout]   --> src/api.rs:47:83
[INFO] [stdout]    |
[INFO] [stdout] 47 |     async fn create_user(name: String, email: String, password: String) -> Result<UserId>;
[INFO] [stdout]    |                                                                                   ^^^^^^ not found in this scope
[INFO] [stdout]    |
[INFO] [stdout] help: consider importing one of these items
[INFO] [stdout]    |
[INFO] [stdout] 23 | use deepwell::prelude::UserId;
[INFO] [stdout]    |
[INFO] [stdout] 23 | use deepwell_core::UserId;
[INFO] [stdout]    |
[INFO] [stdout] 
[INFO] [stdout] 
[INFO] [stdout] error[E0412]: cannot find type `UserId` in this scope
[INFO] [stdout]   --> src/api.rs:48:33
[INFO] [stdout]    |
[INFO] [stdout] 48 |     async fn edit_user(user_id: UserId, changes: UserMetadataOwned) -> Result<()>;
[INFO] [stdout]    |                                 ^^^^^^ not found in this scope
[INFO] [stdout]    |
[INFO] [stdout] help: consider importing one of these items
[INFO] [stdout]    |
[INFO] [stdout] 23 | use deepwell::prelude::UserId;
[INFO] [stdout]    |
[INFO] [stdout] 23 | use deepwell_core::UserId;
[INFO] [stdout]    |
[INFO] [stdout] 
[INFO] [stdout] 
[INFO] [stdout] error[E0412]: cannot find type `UserMetadataOwned` in this scope
[INFO] [stdout]   --> src/api.rs:48:50
[INFO] [stdout]    |
[INFO] [stdout] 48 |     async fn edit_user(user_id: UserId, changes: UserMetadataOwned) -> Result<()>;
[INFO] [stdout]    |                                                  ^^^^^^^^^^^^^^^^^ not found in this scope
[INFO] [stdout] 
[INFO] [stdout] 
[INFO] [stdout] error[E0412]: cannot find type `User` in this scope
[INFO] [stdout]   --> src/api.rs:49:65
[INFO] [stdout]    |
[INFO] [stdout] 49 |     async fn get_user_from_id(user_id: UserId) -> Result<Option<User>>;
[INFO] [stdout]    |                                                                 ^^^^ not found in this scope
[INFO] [stdout]    |
[INFO] [stdout] help: consider importing one of these items
[INFO] [stdout]    |
[INFO] [stdout] 23 | use deepwell::model::User;
[INFO] [stdout]    |
[INFO] [stdout] 23 | use deepwell_core::User;
[INFO] [stdout]    |
[INFO] [stdout] 
[INFO] [stdout] 
[INFO] [stdout] error[E0412]: cannot find type `UserId` in this scope
[INFO] [stdout]   --> src/api.rs:49:40
[INFO] [stdout]    |
[INFO] [stdout] 49 |     async fn get_user_from_id(user_id: UserId) -> Result<Option<User>>;
[INFO] [stdout]    |                                        ^^^^^^ not found in this scope
[INFO] [stdout]    |
[INFO] [stdout] help: consider importing one of these items
[INFO] [stdout]    |
[INFO] [stdout] 23 | use deepwell::prelude::UserId;
[INFO] [stdout]    |
[INFO] [stdout] 23 | use deepwell_core::UserId;
[INFO] [stdout]    |
[INFO] [stdout] 
[INFO] [stdout] 
[INFO] [stdout] error[E0412]: cannot find type `User` in this scope
[INFO] [stdout]   --> src/api.rs:50:77
[INFO] [stdout]    |
[INFO] [stdout] 50 |     async fn get_users_from_ids(user_ids: Vec<UserId>) -> Result<Vec<Option<User>>>;
[INFO] [stdout]    |                                                                             ^^^^ not found in this scope
[INFO] [stdout]    |
[INFO] [stdout] help: consider importing one of these items
[INFO] [stdout]    |
[INFO] [stdout] 23 | use deepwell::model::User;
[INFO] [stdout]    |
[INFO] [stdout] 23 | use deepwell_core::User;
[INFO] [stdout]    |
[INFO] [stdout] 
[INFO] [stdout] 
[INFO] [stdout] error[E0412]: cannot find type `UserId` in this scope
[INFO] [stdout]   --> src/api.rs:50:47
[INFO] [stdout]    |
[INFO] [stdout] 50 |     async fn get_users_from_ids(user_ids: Vec<UserId>) -> Result<Vec<Option<User>>>;
[INFO] [stdout]    |                                               ^^^^^^ not found in this scope
[INFO] [stdout]    |
[INFO] [stdout] help: consider importing one of these items
[INFO] [stdout]    |
[INFO] [stdout] 23 | use deepwell::prelude::UserId;
[INFO] [stdout]    |
[INFO] [stdout] 23 | use deepwell_core::UserId;
[INFO] [stdout]    |
[INFO] [stdout] 
[INFO] [stdout] 
[INFO] [stdout] error[E0412]: cannot find type `User` in this scope
[INFO] [stdout]   --> src/api.rs:51:64
[INFO] [stdout]    |
[INFO] [stdout] 51 |     async fn get_user_from_name(name: String) -> Result<Option<User>>;
[INFO] [stdout]    |                                                                ^^^^ not found in this scope
[INFO] [stdout]    |
[INFO] [stdout] help: consider importing one of these items
[INFO] [stdout]    |
[INFO] [stdout] 23 | use deepwell::model::User;
[INFO] [stdout]    |
[INFO] [stdout] 23 | use deepwell_core::User;
[INFO] [stdout]    |
[INFO] [stdout] 
[INFO] [stdout] 
[INFO] [stdout] error[E0412]: cannot find type `User` in this scope
[INFO] [stdout]   --> src/api.rs:52:66
[INFO] [stdout]    |
[INFO] [stdout] 52 |     async fn get_user_from_email(email: String) -> Result<Option<User>>;
[INFO] [stdout]    |                                                                  ^^^^ not found in this scope
[INFO] [stdout]    |
[INFO] [stdout] help: consider importing one of these items
[INFO] [stdout]    |
[INFO] [stdout] 23 | use deepwell::model::User;
[INFO] [stdout]    |
[INFO] [stdout] 23 | use deepwell_core::User;
[INFO] [stdout]    |
[INFO] [stdout] 
[INFO] [stdout] 
[INFO] [stdout] error[E0412]: cannot find type `WikiId` in this scope
[INFO] [stdout]   --> src/api.rs:55:41
[INFO] [stdout]    |
[INFO] [stdout] 55 |     async fn get_page_contents(wiki_id: WikiId, slug: String) -> Result<Option<String>>;
[INFO] [stdout]    |                                         ^^^^^^ not found in this scope
[INFO] [stdout]    |
[INFO] [stdout] help: consider importing one of these items
[INFO] [stdout]    |
[INFO] [stdout] 23 | use deepwell::prelude::WikiId;
[INFO] [stdout]    |
[INFO] [stdout] 23 | use deepwell_core::WikiId;
[INFO] [stdout]    |
[INFO] [stdout] 
[INFO] [stdout] 
[INFO] [stdout] error[E0412]: cannot find type `Session` in this scope
[INFO] [stdout]    --> src/client.rs:144:28
[INFO] [stdout]     |
[INFO] [stdout] 144 |     ) -> io::Result<Result<Session>> {
[INFO] [stdout]     |                            ^^^^^^^ not found in this scope
[INFO] [stdout]     |
[INFO] [stdout] help: consider importing this struct
[INFO] [stdout]     |
[INFO] [stdout] 21  | use deepwell_core::Session;
[INFO] [stdout]     |
[INFO] [stdout] 
[INFO] [stdout] 
[INFO] [stdout] error[E0412]: cannot find type `SessionId` in this scope
[INFO] [stdout]    --> src/client.rs:160:21
[INFO] [stdout]     |
[INFO] [stdout] 160 |         session_id: SessionId,
[INFO] [stdout]     |                     ^^^^^^^^^ not found in this scope
[INFO] [stdout]     |
[INFO] [stdout] help: consider importing this struct
[INFO] [stdout]     |
[INFO] [stdout] 21  | use deepwell_core::SessionId;
[INFO] [stdout]     |
[INFO] [stdout] 
[INFO] [stdout] 
[INFO] [stdout] error[E0412]: cannot find type `UserId` in this scope
[INFO] [stdout]    --> src/client.rs:161:18
[INFO] [stdout]     |
[INFO] [stdout] 161 |         user_id: UserId,
[INFO] [stdout]     |                  ^^^^^^ not found in this scope
[INFO] [stdout]     |
[INFO] [stdout] help: consider importing one of these items
[INFO] [stdout]     |
[INFO] [stdout] 21  | use deepwell::prelude::UserId;
[INFO] [stdout]     |
[INFO] [stdout] 21  | use deepwell_core::UserId;
[INFO] [stdout]     |
[INFO] [stdout] 
[INFO] [stdout] 
[INFO] [stdout] error[E0412]: cannot find type `SessionId` in this scope
[INFO] [stdout]    --> src/client.rs:170:21
[INFO] [stdout]     |
[INFO] [stdout] 170 |         session_id: SessionId,
[INFO] [stdout]     |                     ^^^^^^^^^ not found in this scope
[INFO] [stdout]     |
[INFO] [stdout] help: consider importing this struct
[INFO] [stdout]     |
[INFO] [stdout] 21  | use deepwell_core::SessionId;
[INFO] [stdout]     |
[INFO] [stdout] 
[INFO] [stdout] 
[INFO] [stdout] error[E0412]: cannot find type `UserId` in this scope
[INFO] [stdout]    --> src/client.rs:171:18
[INFO] [stdout]     |
[INFO] [stdout] 171 |         user_id: UserId,
[INFO] [stdout]     |                  ^^^^^^ not found in this scope
[INFO] [stdout]     |
[INFO] [stdout] help: consider importing one of these items
[INFO] [stdout]     |
[INFO] [stdout] 21  | use deepwell::prelude::UserId;
[INFO] [stdout]     |
[INFO] [stdout] 21  | use deepwell_core::UserId;
[INFO] [stdout]     |
[INFO] [stdout] 
[INFO] [stdout] 
[INFO] [stdout] error[E0412]: cannot find type `Session` in this scope
[INFO] [stdout]    --> src/client.rs:172:32
[INFO] [stdout]     |
[INFO] [stdout] 172 |     ) -> io::Result<Result<Vec<Session>>> {
[INFO] [stdout]     |                                ^^^^^^^ not found in this scope
[INFO] [stdout]     |
[INFO] [stdout] help: consider importing this struct
[INFO] [stdout]     |
[INFO] [stdout] 21  | use deepwell_core::Session;
[INFO] [stdout]     |
[INFO] [stdout] 
[INFO] [stdout] 
[INFO] [stdout] error[E0412]: cannot find type `SessionId` in this scope
[INFO] [stdout]    --> src/client.rs:180:21
[INFO] [stdout]     |
[INFO] [stdout] 180 |         session_id: SessionId,
[INFO] [stdout]     |                     ^^^^^^^^^ not found in this scope
[INFO] [stdout]     |
[INFO] [stdout] help: consider importing this struct
[INFO] [stdout]     |
[INFO] [stdout] 21  | use deepwell_core::SessionId;
[INFO] [stdout]     |
[INFO] [stdout] 
[INFO] [stdout] 
[INFO] [stdout] error[E0412]: cannot find type `UserId` in this scope
[INFO] [stdout]    --> src/client.rs:181:18
[INFO] [stdout]     |
[INFO] [stdout] 181 |         user_id: UserId,
[INFO] [stdout]     |                  ^^^^^^ not found in this scope
[INFO] [stdout]     |
[INFO] [stdout] help: consider importing one of these items
[INFO] [stdout]     |
[INFO] [stdout] 21  | use deepwell::prelude::UserId;
[INFO] [stdout]     |
[INFO] [stdout] 21  | use deepwell_core::UserId;
[INFO] [stdout]     |
[INFO] [stdout] 
[INFO] [stdout] 
[INFO] [stdout] error[E0412]: cannot find type `UserId` in this scope
[INFO] [stdout]    --> src/client.rs:194:28
[INFO] [stdout]     |
[INFO] [stdout] 194 |     ) -> io::Result<Result<UserId>> {
[INFO] [stdout]     |                            ^^^^^^ not found in this scope
[INFO] [stdout]     |
[INFO] [stdout] help: consider importing one of these items
[INFO] [stdout]     |
[INFO] [stdout] 21  | use deepwell::prelude::UserId;
[INFO] [stdout]     |
[INFO] [stdout] 21  | use deepwell_core::UserId;
[INFO] [stdout]     |
[INFO] [stdout] 
[INFO] [stdout] 
[INFO] [stdout] error[E0412]: cannot find type `UserId` in this scope
[INFO] [stdout]    --> src/client.rs:206:18
[INFO] [stdout]     |
[INFO] [stdout] 206 |         user_id: UserId,
[INFO] [stdout]     |                  ^^^^^^ not found in this scope
[INFO] [stdout]     |
[INFO] [stdout] help: consider importing one of these items
[INFO] [stdout]     |
[INFO] [stdout] 21  | use deepwell::prelude::UserId;
[INFO] [stdout]     |
[INFO] [stdout] 21  | use deepwell_core::UserId;
[INFO] [stdout]     |
[INFO] [stdout] 
[INFO] [stdout] 
[INFO] [stdout] error[E0412]: cannot find type `UserMetadataOwned` in this scope
[INFO] [stdout]    --> src/client.rs:207:18
[INFO] [stdout]     |
[INFO] [stdout] 207 |         changes: UserMetadataOwned,
[INFO] [stdout]     |                  ^^^^^^^^^^^^^^^^^ not found in this scope
[INFO] [stdout] 
[INFO] [stdout] 
[INFO] [stdout] error[E0412]: cannot find type `UserId` in this scope
[INFO] [stdout]    --> src/client.rs:217:55
[INFO] [stdout]     |
[INFO] [stdout] 217 |     pub async fn get_user_from_id(&mut self, user_id: UserId) -> io::Result<Result<Option<User>>> {
[INFO] [stdout]     |                                                       ^^^^^^ not found in this scope
[INFO] [stdout]     |
[INFO] [stdout] help: consider importing one of these items
[INFO] [stdout]     |
[INFO] [stdout] 21  | use deepwell::prelude::UserId;
[INFO] [stdout]     |
[INFO] [stdout] 21  | use deepwell_core::UserId;
[INFO] [stdout]     |
[INFO] [stdout] 
[INFO] [stdout] 
[INFO] [stdout] error[E0412]: cannot find type `User` in this scope
[INFO] [stdout]    --> src/client.rs:217:91
[INFO] [stdout]     |
[INFO] [stdout] 217 |     pub async fn get_user_from_id(&mut self, user_id: UserId) -> io::Result<Result<Option<User>>> {
[INFO] [stdout]     |                                                                                           ^^^^ not found in this scope
[INFO] [stdout]     |
[INFO] [stdout] help: consider importing one of these items
[INFO] [stdout]     |
[INFO] [stdout] 21  | use deepwell::model::User;
[INFO] [stdout]     |
[INFO] [stdout] 21  | use deepwell_core::User;
[INFO] [stdout]     |
[INFO] [stdout] 
[INFO] [stdout] 
[INFO] [stdout] error[E0412]: cannot find type `UserId` in this scope
[INFO] [stdout]    --> src/client.rs:225:23
[INFO] [stdout]     |
[INFO] [stdout] 225 |         user_ids: Vec<UserId>,
[INFO] [stdout]     |                       ^^^^^^ not found in this scope
[INFO] [stdout]     |
[INFO] [stdout] help: consider importing one of these items
[INFO] [stdout]     |
[INFO] [stdout] 21  | use deepwell::prelude::UserId;
[INFO] [stdout]     |
[INFO] [stdout] 21  | use deepwell_core::UserId;
[INFO] [stdout]     |
[INFO] [stdout] 
[INFO] [stdout] 
[INFO] [stdout] error[E0412]: cannot find type `User` in this scope
[INFO] [stdout]    --> src/client.rs:226:39
[INFO] [stdout]     |
[INFO] [stdout] 226 |     ) -> io::Result<Result<Vec<Option<User>>>> {
[INFO] [stdout]     |                                       ^^^^ not found in this scope
[INFO] [stdout]     |
[INFO] [stdout] help: consider importing one of these items
[INFO] [stdout]     |
[INFO] [stdout] 21  | use deepwell::model::User;
[INFO] [stdout]     |
[INFO] [stdout] 21  | use deepwell_core::User;
[INFO] [stdout]     |
[INFO] [stdout] 
[INFO] [stdout] 
[INFO] [stdout] error[E0412]: cannot find type `User` in this scope
[INFO] [stdout]    --> src/client.rs:235:90
[INFO] [stdout]     |
[INFO] [stdout] 235 |     pub async fn get_user_from_name(&mut self, name: String) -> io::Result<Result<Option<User>>> {
[INFO] [stdout]     |                                                                                          ^^^^ not found in this scope
[INFO] [stdout]     |
[INFO] [stdout] help: consider importing one of these items
[INFO] [stdout]     |
[INFO] [stdout] 21  | use deepwell::model::User;
[INFO] [stdout]     |
[INFO] [stdout] 21  | use deepwell_core::User;
[INFO] [stdout]     |
[INFO] [stdout] 
[INFO] [stdout] 
[INFO] [stdout] error[E0412]: cannot find type `User` in this scope
[INFO] [stdout]    --> src/client.rs:241:92
[INFO] [stdout]     |
[INFO] [stdout] 241 |     pub async fn get_user_from_email(&mut self, email: String) -> io::Result<Result<Option<User>>> {
[INFO] [stdout]     |                                                                                            ^^^^ not found in this scope
[INFO] [stdout]     |
[INFO] [stdout] help: consider importing one of these items
[INFO] [stdout]     |
[INFO] [stdout] 21  | use deepwell::model::User;
[INFO] [stdout]     |
[INFO] [stdout] 21  | use deepwell_core::User;
[INFO] [stdout]     |
[INFO] [stdout] 
[INFO] [stdout] 
[INFO] [stdout] error[E0412]: cannot find type `WikiId` in this scope
[INFO] [stdout]    --> src/client.rs:249:18
[INFO] [stdout]     |
[INFO] [stdout] 249 |         wiki_id: WikiId,
[INFO] [stdout]     |                  ^^^^^^ not found in this scope
[INFO] [stdout]     |
[INFO] [stdout] help: consider importing one of these items
[INFO] [stdout]     |
[INFO] [stdout] 21  | use deepwell::prelude::WikiId;
[INFO] [stdout]     |
[INFO] [stdout] 21  | use deepwell_core::WikiId;
[INFO] [stdout]     |
[INFO] [stdout] 
[INFO] [stdout] 
[INFO] [stdout] error[E0603]: module `error` is private
[INFO] [stdout]   --> src/lib.rs:40:24
[INFO] [stdout]    |
[INFO] [stdout] 40 | pub use deepwell_core::error::SendableError;
[INFO] [stdout]    |                        ^^^^^ private module
[INFO] [stdout]    |
[INFO] [stdout] note: the module `error` is defined here
[INFO] [stdout]   --> /opt/rustwide/cargo-home/registry/src/github.com-1ecc6299db9ec823/deepwell-core-0.0.8/src/lib.rs:46:1
[INFO] [stdout]    |
[INFO] [stdout] 46 | mod error;
[INFO] [stdout]    | ^^^^^^^^^^
[INFO] [stdout] 
[INFO] [stdout] 
[INFO] [stdout] error[E0412]: cannot find type `Session` in this scope
[INFO] [stdout]   --> src/api.rs:40:17
[INFO] [stdout]    |
[INFO] [stdout] 40 |     ) -> Result<Session>;
[INFO] [stdout]    |                 ^^^^^^^ not found in this scope
[INFO] [stdout]    |
[INFO] [stdout] help: consider importing this struct
[INFO] [stdout]    |
[INFO] [stdout] 23 | use deepwell_core::Session;
[INFO] [stdout]    |
[INFO] [stdout] 
[INFO] [stdout] 
[INFO] [stdout] error[E0412]: cannot find type `SessionId` in this scope
[INFO] [stdout]   --> src/api.rs:42:33
[INFO] [stdout]    |
[INFO] [stdout] 42 |     async fn logout(session_id: SessionId, user_id: UserId) -> Result<()>;
[INFO] [stdout]    |                                 ^^^^^^^^^ not found in this scope
[INFO] [stdout]    |
[INFO] [stdout] help: consider importing this struct
[INFO] [stdout]    |
[INFO] [stdout] 23 | use deepwell_core::SessionId;
[INFO] [stdout]    |
[INFO] [stdout] 
[INFO] [stdout] 
[INFO] [stdout] error[E0412]: cannot find type `UserId` in this scope
[INFO] [stdout]   --> src/api.rs:42:53
[INFO] [stdout]    |
[INFO] [stdout] 42 |     async fn logout(session_id: SessionId, user_id: UserId) -> Result<()>;
[INFO] [stdout]    |                                                     ^^^^^^ not found in this scope
[INFO] [stdout]    |
[INFO] [stdout] help: consider importing one of these items
[INFO] [stdout]    |
[INFO] [stdout] 23 | use deepwell::prelude::UserId;
[INFO] [stdout]    |
[INFO] [stdout] 23 | use deepwell_core::UserId;
[INFO] [stdout]    |
[INFO] [stdout] 
[INFO] [stdout] 
[INFO] [stdout] error[E0412]: cannot find type `Session` in this scope
[INFO] [stdout]   --> src/api.rs:43:82
[INFO] [stdout]    |
[INFO] [stdout] 43 |     async fn logout_others(session_id: SessionId, user_id: UserId) -> Result<Vec<Session>>;
[INFO] [stdout]    |                                                                                  ^^^^^^^ not found in this scope
[INFO] [stdout]    |
[INFO] [stdout] help: consider importing this struct
[INFO] [stdout]    |
[INFO] [stdout] 23 | use deepwell_core::Session;
[INFO] [stdout]    |
[INFO] [stdout] 
[INFO] [stdout] 
[INFO] [stdout] error[E0412]: cannot find type `SessionId` in this scope
[INFO] [stdout]   --> src/api.rs:43:40
[INFO] [stdout]    |
[INFO] [stdout] 43 |     async fn logout_others(session_id: SessionId, user_id: UserId) -> Result<Vec<Session>>;
[INFO] [stdout]    |                                        ^^^^^^^^^ not found in this scope
[INFO] [stdout]    |
[INFO] [stdout] help: consider importing this struct
[INFO] [stdout]    |
[INFO] [stdout] 23 | use deepwell_core::SessionId;
[INFO] [stdout]    |
[INFO] [stdout] 
[INFO] [stdout] 
[INFO] [stdout] error[E0412]: cannot find type `UserId` in this scope
[INFO] [stdout]   --> src/api.rs:43:60
[INFO] [stdout]    |
[INFO] [stdout] 43 |     async fn logout_others(session_id: SessionId, user_id: UserId) -> Result<Vec<Session>>;
[INFO] [stdout]    |                                                            ^^^^^^ not found in this scope
[INFO] [stdout]    |
[INFO] [stdout] help: consider importing one of these items
[INFO] [stdout]    |
[INFO] [stdout] 23 | use deepwell::prelude::UserId;
[INFO] [stdout]    |
[INFO] [stdout] 23 | use deepwell_core::UserId;
[INFO] [stdout]    |
[INFO] [stdout] 
[INFO] [stdout] 
[INFO] [stdout] error[E0412]: cannot find type `SessionId` in this scope
[INFO] [stdout]   --> src/api.rs:44:40
[INFO] [stdout]    |
[INFO] [stdout] 44 |     async fn check_session(session_id: SessionId, user_id: UserId) -> Result<()>;
[INFO] [stdout]    |                                        ^^^^^^^^^ not found in this scope
[INFO] [stdout]    |
[INFO] [stdout] help: consider importing this struct
[INFO] [stdout]    |
[INFO] [stdout] 23 | use deepwell_core::SessionId;
[INFO] [stdout]    |
[INFO] [stdout] 
[INFO] [stdout] 
[INFO] [stdout] error[E0412]: cannot find type `UserId` in this scope
[INFO] [stdout]   --> src/api.rs:44:60
[INFO] [stdout]    |
[INFO] [stdout] 44 |     async fn check_session(session_id: SessionId, user_id: UserId) -> Result<()>;
[INFO] [stdout]    |                                                            ^^^^^^ not found in this scope
[INFO] [stdout]    |
[INFO] [stdout] help: consider importing one of these items
[INFO] [stdout]    |
[INFO] [stdout] 23 | use deepwell::prelude::UserId;
[INFO] [stdout]    |
[INFO] [stdout] 23 | use deepwell_core::UserId;
[INFO] [stdout]    |
[INFO] [stdout] 
[INFO] [stdout] 
[INFO] [stdout] error[E0412]: cannot find type `UserId` in this scope
[INFO] [stdout]   --> src/api.rs:47:83
[INFO] [stdout]    |
[INFO] [stdout] 47 |     async fn create_user(name: String, email: String, password: String) -> Result<UserId>;
[INFO] [stdout]    |                                                                                   ^^^^^^ not found in this scope
[INFO] [stdout]    |
[INFO] [stdout] help: consider importing one of these items
[INFO] [stdout]    |
[INFO] [stdout] 23 | use deepwell::prelude::UserId;
[INFO] [stdout]    |
[INFO] [stdout] 23 | use deepwell_core::UserId;
[INFO] [stdout]    |
[INFO] [stdout] 
[INFO] [stdout] 
[INFO] [stdout] error[E0412]: cannot find type `UserId` in this scope
[INFO] [stdout]   --> src/api.rs:48:33
[INFO] [stdout]    |
[INFO] [stdout] 48 |     async fn edit_user(user_id: UserId, changes: UserMetadataOwned) -> Result<()>;
[INFO] [stdout]    |                                 ^^^^^^ not found in this scope
[INFO] [stdout]    |
[INFO] [stdout] help: consider importing one of these items
[INFO] [stdout]    |
[INFO] [stdout] 23 | use deepwell::prelude::UserId;
[INFO] [stdout]    |
[INFO] [stdout] 23 | use deepwell_core::UserId;
[INFO] [stdout]    |
[INFO] [stdout] 
[INFO] [stdout] 
[INFO] [stdout] error[E0412]: cannot find type `UserMetadataOwned` in this scope
[INFO] [stdout]   --> src/api.rs:48:50
[INFO] [stdout]    |
[INFO] [stdout] 48 |     async fn edit_user(user_id: UserId, changes: UserMetadataOwned) -> Result<()>;
[INFO] [stdout]    |                                                  ^^^^^^^^^^^^^^^^^ not found in this scope
[INFO] [stdout] 
[INFO] [stdout] 
[INFO] [stdout] error[E0412]: cannot find type `User` in this scope
[INFO] [stdout]   --> src/api.rs:49:65
[INFO] [stdout]    |
[INFO] [stdout] 49 |     async fn get_user_from_id(user_id: UserId) -> Result<Option<User>>;
[INFO] [stdout]    |                                                                 ^^^^ not found in this scope
[INFO] [stdout]    |
[INFO] [stdout] help: consider importing one of these items
[INFO] [stdout]    |
[INFO] [stdout] 23 | use deepwell::model::User;
[INFO] [stdout]    |
[INFO] [stdout] 23 | use deepwell_core::User;
[INFO] [stdout]    |
[INFO] [stdout] 
[INFO] [stdout] 
[INFO] [stdout] error[E0412]: cannot find type `UserId` in this scope
[INFO] [stdout]   --> src/api.rs:49:40
[INFO] [stdout]    |
[INFO] [stdout] 49 |     async fn get_user_from_id(user_id: UserId) -> Result<Option<User>>;
[INFO] [stdout]    |                                        ^^^^^^ not found in this scope
[INFO] [stdout]    |
[INFO] [stdout] help: consider importing one of these items
[INFO] [stdout]    |
[INFO] [stdout] 23 | use deepwell::prelude::UserId;
[INFO] [stdout]    |
[INFO] [stdout] 23 | use deepwell_core::UserId;
[INFO] [stdout]    |
[INFO] [stdout] 
[INFO] [stdout] 
[INFO] [stdout] error[E0412]: cannot find type `User` in this scope
[INFO] [stdout]   --> src/api.rs:50:77
[INFO] [stdout]    |
[INFO] [stdout] 50 |     async fn get_users_from_ids(user_ids: Vec<UserId>) -> Result<Vec<Option<User>>>;
[INFO] [stdout]    |                                                                             ^^^^ not found in this scope
[INFO] [stdout]    |
[INFO] [stdout] help: consider importing one of these items
[INFO] [stdout]    |
[INFO] [stdout] 23 | use deepwell::model::User;
[INFO] [stdout]    |
[INFO] [stdout] 23 | use deepwell_core::User;
[INFO] [stdout]    |
[INFO] [stdout] 
[INFO] [stdout] 
[INFO] [stdout] error[E0412]: cannot find type `UserId` in this scope
[INFO] [stdout]   --> src/api.rs:50:47
[INFO] [stdout]    |
[INFO] [stdout] 50 |     async fn get_users_from_ids(user_ids: Vec<UserId>) -> Result<Vec<Option<User>>>;
[INFO] [stdout]    |                                               ^^^^^^ not found in this scope
[INFO] [stdout]    |
[INFO] [stdout] help: consider importing one of these items
[INFO] [stdout]    |
[INFO] [stdout] 23 | use deepwell::prelude::UserId;
[INFO] [stdout]    |
[INFO] [stdout] 23 | use deepwell_core::UserId;
[INFO] [stdout]    |
[INFO] [stdout] 
[INFO] [stdout] 
[INFO] [stdout] error[E0412]: cannot find type `User` in this scope
[INFO] [stdout]   --> src/api.rs:51:64
[INFO] [stdout]    |
[INFO] [stdout] 51 |     async fn get_user_from_name(name: String) -> Result<Option<User>>;
[INFO] [stdout]    |                                                                ^^^^ not found in this scope
[INFO] [stdout]    |
[INFO] [stdout] help: consider importing one of these items
[INFO] [stdout]    |
[INFO] [stdout] 23 | use deepwell::model::User;
[INFO] [stdout]    |
[INFO] [stdout] 23 | use deepwell_core::User;
[INFO] [stdout]    |
[INFO] [stdout] 
[INFO] [stdout] 
[INFO] [stdout] error[E0412]: cannot find type `User` in this scope
[INFO] [stdout]   --> src/api.rs:52:66
[INFO] [stdout]    |
[INFO] [stdout] 52 |     async fn get_user_from_email(email: String) -> Result<Option<User>>;
[INFO] [stdout]    |                                                                  ^^^^ not found in this scope
[INFO] [stdout]    |
[INFO] [stdout] help: consider importing one of these items
[INFO] [stdout]    |
[INFO] [stdout] 23 | use deepwell::model::User;
[INFO] [stdout]    |
[INFO] [stdout] 23 | use deepwell_core::User;
[INFO] [stdout]    |
[INFO] [stdout] 
[INFO] [stdout] 
[INFO] [stdout] error[E0412]: cannot find type `WikiId` in this scope
[INFO] [stdout]   --> src/api.rs:55:41
[INFO] [stdout]    |
[INFO] [stdout] 55 |     async fn get_page_contents(wiki_id: WikiId, slug: String) -> Result<Option<String>>;
[INFO] [stdout]    |                                         ^^^^^^ not found in this scope
[INFO] [stdout]    |
[INFO] [stdout] help: consider importing one of these items
[INFO] [stdout]    |
[INFO] [stdout] 23 | use deepwell::prelude::WikiId;
[INFO] [stdout]    |
[INFO] [stdout] 23 | use deepwell_core::WikiId;
[INFO] [stdout]    |
[INFO] [stdout] 
[INFO] [stdout] 
[INFO] [stdout] error[E0412]: cannot find type `Session` in this scope
[INFO] [stdout]    --> src/client.rs:144:28
[INFO] [stdout]     |
[INFO] [stdout] 144 |     ) -> io::Result<Result<Session>> {
[INFO] [stdout]     |                            ^^^^^^^ not found in this scope
[INFO] [stdout]     |
[INFO] [stdout] help: consider importing this struct
[INFO] [stdout]     |
[INFO] [stdout] 21  | use deepwell_core::Session;
[INFO] [stdout]     |
[INFO] [stdout] 
[INFO] [stdout] 
[INFO] [stdout] error[E0412]: cannot find type `SessionId` in this scope
[INFO] [stdout]    --> src/client.rs:160:21
[INFO] [stdout]     |
[INFO] [stdout] 160 |         session_id: SessionId,
[INFO] [stdout]     |                     ^^^^^^^^^ not found in this scope
[INFO] [stdout]     |
[INFO] [stdout] help: consider importing this struct
[INFO] [stdout]     |
[INFO] [stdout] 21  | use deepwell_core::SessionId;
[INFO] [stdout]     |
[INFO] [stdout] 
[INFO] [stdout] 
[INFO] [stdout] error[E0412]: cannot find type `UserId` in this scope
[INFO] [stdout]    --> src/client.rs:161:18
[INFO] [stdout]     |
[INFO] [stdout] 161 |         user_id: UserId,
[INFO] [stdout]     |                  ^^^^^^ not found in this scope
[INFO] [stdout]     |
[INFO] [stdout] help: consider importing one of these items
[INFO] [stdout]     |
[INFO] [stdout] 21  | use deepwell::prelude::UserId;
[INFO] [stdout]     |
[INFO] [stdout] 21  | use deepwell_core::UserId;
[INFO] [stdout]     |
[INFO] [stdout] 
[INFO] [stdout] 
[INFO] [stdout] error[E0412]: cannot find type `SessionId` in this scope
[INFO] [stdout]    --> src/client.rs:170:21
[INFO] [stdout]     |
[INFO] [stdout] 170 |         session_id: SessionId,
[INFO] [stdout]     |                     ^^^^^^^^^ not found in this scope
[INFO] [stdout]     |
[INFO] [stdout] help: consider importing this struct
[INFO] [stdout]     |
[INFO] [stdout] 21  | use deepwell_core::SessionId;
[INFO] [stdout]     |
[INFO] [stdout] 
[INFO] [stdout] 
[INFO] [stdout] error[E0412]: cannot find type `UserId` in this scope
[INFO] [stdout]    --> src/client.rs:171:18
[INFO] [stdout]     |
[INFO] [stdout] 171 |         user_id: UserId,
[INFO] [stdout]     |                  ^^^^^^ not found in this scope
[INFO] [stdout]     |
[INFO] [stdout] help: consider importing one of these items
[INFO] [stdout]     |
[INFO] [stdout] 21  | use deepwell::prelude::UserId;
[INFO] [stdout]     |
[INFO] [stdout] 21  | use deepwell_core::UserId;
[INFO] [stdout]     |
[INFO] [stdout] 
[INFO] [stdout] 
[INFO] [stdout] error[E0412]: cannot find type `Session` in this scope
[INFO] [stdout]    --> src/client.rs:172:32
[INFO] [stdout]     |
[INFO] [stdout] 172 |     ) -> io::Result<Result<Vec<Session>>> {
[INFO] [stdout]     |                                ^^^^^^^ not found in this scope
[INFO] [stdout]     |
[INFO] [stdout] help: consider importing this struct
[INFO] [stdout]     |
[INFO] [stdout] 21  | use deepwell_core::Session;
[INFO] [stdout]     |
[INFO] [stdout] 
[INFO] [stdout] 
[INFO] [stdout] error[E0412]: cannot find type `SessionId` in this scope
[INFO] [stdout]    --> src/client.rs:180:21
[INFO] [stdout]     |
[INFO] [stdout] 180 |         session_id: SessionId,
[INFO] [stdout]     |                     ^^^^^^^^^ not found in this scope
[INFO] [stdout]     |
[INFO] [stdout] help: consider importing this struct
[INFO] [stdout]     |
[INFO] [stdout] 21  | use deepwell_core::SessionId;
[INFO] [stdout]     |
[INFO] [stdout] 
[INFO] [stdout] 
[INFO] [stdout] error[E0412]: cannot find type `UserId` in this scope
[INFO] [stdout]    --> src/client.rs:181:18
[INFO] [stdout]     |
[INFO] [stdout] 181 |         user_id: UserId,
[INFO] [stdout]     |                  ^^^^^^ not found in this scope
[INFO] [stdout]     |
[INFO] [stdout] help: consider importing one of these items
[INFO] [stdout]     |
[INFO] [stdout] 21  | use deepwell::prelude::UserId;
[INFO] [stdout]     |
[INFO] [stdout] 21  | use deepwell_core::UserId;
[INFO] [stdout]     |
[INFO] [stdout] 
[INFO] [stdout] 
[INFO] [stdout] error[E0412]: cannot find type `UserId` in this scope
[INFO] [stdout]    --> src/client.rs:194:28
[INFO] [stdout]     |
[INFO] [stdout] 194 |     ) -> io::Result<Result<UserId>> {
[INFO] [stdout]     |                            ^^^^^^ not found in this scope
[INFO] [stdout]     |
[INFO] [stdout] help: consider importing one of these items
[INFO] [stdout]     |
[INFO] [stdout] 21  | use deepwell::prelude::UserId;
[INFO] [stdout]     |
[INFO] [stdout] 21  | use deepwell_core::UserId;
[INFO] [stdout]     |
[INFO] [stdout] 
[INFO] [stdout] 
[INFO] [stdout] error[E0412]: cannot find type `UserId` in this scope
[INFO] [stdout]    --> src/client.rs:206:18
[INFO] [stdout]     |
[INFO] [stdout] 206 |         user_id: UserId,
[INFO] [stdout]     |                  ^^^^^^ not found in this scope
[INFO] [stdout]     |
[INFO] [stdout] help: consider importing one of these items
[INFO] [stdout]     |
[INFO] [stdout] 21  | use deepwell::prelude::UserId;
[INFO] [stdout]     |
[INFO] [stdout] 21  | use deepwell_core::UserId;
[INFO] [stdout]     |
[INFO] [stdout] 
[INFO] [stdout] 
[INFO] [stdout] error[E0412]: cannot find type `UserMetadataOwned` in this scope
[INFO] [stdout]    --> src/client.rs:207:18
[INFO] [stdout]     |
[INFO] [stdout] 207 |         changes: UserMetadataOwned,
[INFO] [stdout]     |                  ^^^^^^^^^^^^^^^^^ not found in this scope
[INFO] [stdout] 
[INFO] [stdout] 
[INFO] [stdout] error[E0412]: cannot find type `UserId` in this scope
[INFO] [stdout]    --> src/client.rs:217:55
[INFO] [stdout]     |
[INFO] [stdout] 217 |     pub async fn get_user_from_id(&mut self, user_id: UserId) -> io::Result<Result<Option<User>>> {
[INFO] [stdout]     |                                                       ^^^^^^ not found in this scope
[INFO] [stdout]     |
[INFO] [stdout] help: consider importing one of these items
[INFO] [stdout]     |
[INFO] [stdout] 21  | use deepwell::prelude::UserId;
[INFO] [stdout]     |
[INFO] [stdout] 21  | use deepwell_core::UserId;
[INFO] [stdout]     |
[INFO] [stdout] 
[INFO] [stdout] 
[INFO] [stdout] error[E0412]: cannot find type `User` in this scope
[INFO] [stdout]    --> src/client.rs:217:91
[INFO] [stdout]     |
[INFO] [stdout] 217 |     pub async fn get_user_from_id(&mut self, user_id: UserId) -> io::Result<Result<Option<User>>> {
[INFO] [stdout]     |                                                                                           ^^^^ not found in this scope
[INFO] [stdout]     |
[INFO] [stdout] help: consider importing one of these items
[INFO] [stdout]     |
[INFO] [stdout] 21  | use deepwell::model::User;
[INFO] [stdout]     |
[INFO] [stdout] 21  | use deepwell_core::User;
[INFO] [stdout]     |
[INFO] [stdout] 
[INFO] [stdout] 
[INFO] [stdout] error[E0412]: cannot find type `UserId` in this scope
[INFO] [stdout]    --> src/client.rs:225:23
[INFO] [stdout]     |
[INFO] [stdout] 225 |         user_ids: Vec<UserId>,
[INFO] [stdout]     |                       ^^^^^^ not found in this scope
[INFO] [stdout]     |
[INFO] [stdout] help: consider importing one of these items
[INFO] [stdout]     |
[INFO] [stdout] 21  | use deepwell::prelude::UserId;
[INFO] [stdout]     |
[INFO] [stdout] 21  | use deepwell_core::UserId;
[INFO] [stdout]     |
[INFO] [stdout] 
[INFO] [stdout] 
[INFO] [stdout] error[E0412]: cannot find type `User` in this scope
[INFO] [stdout]    --> src/client.rs:226:39
[INFO] [stdout]     |
[INFO] [stdout] 226 |     ) -> io::Result<Result<Vec<Option<User>>>> {
[INFO] [stdout]     |                                       ^^^^ not found in this scope
[INFO] [stdout]     |
[INFO] [stdout] help: consider importing one of these items
[INFO] [stdout]     |
[INFO] [stdout] 21  | use deepwell::model::User;
[INFO] [stdout]     |
[INFO] [stdout] 21  | use deepwell_core::User;
[INFO] [stdout]     |
[INFO] [stdout] 
[INFO] [stdout] 
[INFO] [stdout] error[E0412]: cannot find type `User` in this scope
[INFO] [stdout]    --> src/client.rs:235:90
[INFO] [stdout]     |
[INFO] [stdout] 235 |     pub async fn get_user_from_name(&mut self, name: String) -> io::Result<Result<Option<User>>> {
[INFO] [stdout]     |                                                                                          ^^^^ not found in this scope
[INFO] [stdout]     |
[INFO] [stdout] help: consider importing one of these items
[INFO] [stdout]     |
[INFO] [stdout] 21  | use deepwell::model::User;
[INFO] [stdout]     |
[INFO] [stdout] 21  | use deepwell_core::User;
[INFO] [stdout]     |
[INFO] [stdout] 
[INFO] [stdout] 
[INFO] [stdout] error[E0412]: cannot find type `User` in this scope
[INFO] [stdout]    --> src/client.rs:241:92
[INFO] [stdout]     |
[INFO] [stdout] 241 |     pub async fn get_user_from_email(&mut self, email: String) -> io::Result<Result<Option<User>>> {
[INFO] [stdout]     |                                                                                            ^^^^ not found in this scope
[INFO] [stdout]     |
[INFO] [stdout] help: consider importing one of these items
[INFO] [stdout]     |
[INFO] [stdout] 21  | use deepwell::model::User;
[INFO] [stdout]     |
[INFO] [stdout] 21  | use deepwell_core::User;
[INFO] [stdout]     |
[INFO] [stdout] 
[INFO] [stdout] 
[INFO] [stdout] error[E0412]: cannot find type `WikiId` in this scope
[INFO] [stdout]    --> src/client.rs:249:18
[INFO] [stdout]     |
[INFO] [stdout] 249 |         wiki_id: WikiId,
[INFO] [stdout]     |                  ^^^^^^ not found in this scope
[INFO] [stdout]     |
[INFO] [stdout] help: consider importing one of these items
[INFO] [stdout]     |
[INFO] [stdout] 21  | use deepwell::prelude::WikiId;
[INFO] [stdout]     |
[INFO] [stdout] 21  | use deepwell_core::WikiId;
[INFO] [stdout]     |
[INFO] [stdout] 
[INFO] [stdout] 
[INFO] [stdout] error[E0603]: module `error` is private
[INFO] [stdout]   --> src/lib.rs:40:24
[INFO] [stdout]    |
[INFO] [stdout] 40 | pub use deepwell_core::error::SendableError;
[INFO] [stdout]    |                        ^^^^^ private module
[INFO] [stdout]    |
[INFO] [stdout] note: the module `error` is defined here
[INFO] [stdout]   --> /opt/rustwide/cargo-home/registry/src/github.com-1ecc6299db9ec823/deepwell-core-0.0.8/src/lib.rs:46:1
[INFO] [stdout]    |
[INFO] [stdout] 46 | mod error;
[INFO] [stdout]    | ^^^^^^^^^^
[INFO] [stdout] 
[INFO] [stdout] 
[INFO] [stdout] error[E0698]: type inside `async fn` body must be known in this context
[INFO] [stdout]    --> src/client.rs:54:19
[INFO] [stdout]     |
[INFO] [stdout] 54  |             match timeout($self.timeout, fut).await {
[INFO] [stdout]     |                   ^^^^^^^^^^^^^^^^^^^^^^^^^^^^^^^^^ cannot infer type
[INFO] [stdout] ...
[INFO] [stdout] 129 |         retry!(self, self.client.ping(ctx!()))
[INFO] [stdout]     |         -------------------------------------- in this macro invocation
[INFO] [stdout]     |
[INFO] [stdout] note: the type is part of the `async fn` body because of this `await`
[INFO] [stdout]    --> src/client.rs:66:41
[INFO] [stdout]     |
[INFO] [stdout] 66  |                     if let Err(error) = $self.reconnect().await {
[INFO] [stdout]     |                                         ^^^^^^^^^^^^^^^^^^^^^^^
[INFO] [stdout] ...
[INFO] [stdout] 129 |         retry!(self, self.client.ping(ctx!()))
[INFO] [stdout]     |         -------------------------------------- in this macro invocation
[INFO] [stdout]     = note: this error originates in a macro (in Nightly builds, run with -Z macro-backtrace for more info)
[INFO] [stdout] 
[INFO] [stdout] 
[INFO] [stdout] error[E0698]: type inside `async fn` body must be known in this context
[INFO] [stdout]    --> src/client.rs:54:19
[INFO] [stdout]     |
[INFO] [stdout] 54  |               match timeout($self.timeout, fut).await {
[INFO] [stdout]     |                     ^^^^^^^^^^^^^^^^^^^^^^^^^^^^^^^^^ cannot infer type
[INFO] [stdout] ...
[INFO] [stdout] 147 | /         retry!(
[INFO] [stdout] 148 | |             self,
[INFO] [stdout] 149 | |             self.client.login(
[INFO] [stdout] 150 | |                 ctx!(),
[INFO] [stdout] ...   |
[INFO] [stdout] 154 | |             ),
[INFO] [stdout] 155 | |         )
[INFO] [stdout]     | |_________- in this macro invocation
[INFO] [stdout]     |
[INFO] [stdout] note: the type is part of the `async fn` body because of this `await`
[INFO] [stdout]    --> src/client.rs:66:41
[INFO] [stdout]     |
[INFO] [stdout] 66  |                       if let Err(error) = $self.reconnect().await {
[INFO] [stdout]     |                                           ^^^^^^^^^^^^^^^^^^^^^^^
[INFO] [stdout] ...
[INFO] [stdout] 147 | /         retry!(
[INFO] [stdout] 148 | |             self,
[INFO] [stdout] 149 | |             self.client.login(
[INFO] [stdout] 150 | |                 ctx!(),
[INFO] [stdout] ...   |
[INFO] [stdout] 154 | |             ),
[INFO] [stdout] 155 | |         )
[INFO] [stdout]     | |_________- in this macro invocation
[INFO] [stdout]     = note: this error originates in a macro (in Nightly builds, run with -Z macro-backtrace for more info)
[INFO] [stdout] 
[INFO] [stdout] 
[INFO] [stdout] error[E0698]: type inside `async fn` body must be known in this context
[INFO] [stdout]    --> src/client.rs:54:19
[INFO] [stdout]     |
[INFO] [stdout] 54  |               match timeout($self.timeout, fut).await {
[INFO] [stdout]     |                     ^^^^^^^^^^^^^^^^^^^^^^^^^^^^^^^^^ cannot infer type
[INFO] [stdout] ...
[INFO] [stdout] 197 | /         retry!(
[INFO] [stdout] 198 | |             self,
[INFO] [stdout] 199 | |             self.client
[INFO] [stdout] 200 | |                 .create_user(ctx!(), name.clone(), email.clone(), password.clone()),
[INFO] [stdout] 201 | |         )
[INFO] [stdout]     | |_________- in this macro invocation
[INFO] [stdout]     |
[INFO] [stdout] note: the type is part of the `async fn` body because of this `await`
[INFO] [stdout]    --> src/client.rs:66:41
[INFO] [stdout]     |
[INFO] [stdout] 66  |                       if let Err(error) = $self.reconnect().await {
[INFO] [stdout]     |                                           ^^^^^^^^^^^^^^^^^^^^^^^
[INFO] [stdout] ...
[INFO] [stdout] 197 | /         retry!(
[INFO] [stdout] 198 | |             self,
[INFO] [stdout] 199 | |             self.client
[INFO] [stdout] 200 | |                 .create_user(ctx!(), name.clone(), email.clone(), password.clone()),
[INFO] [stdout] 201 | |         )
[INFO] [stdout]     | |_________- in this macro invocation
[INFO] [stdout]     = note: this error originates in a macro (in Nightly builds, run with -Z macro-backtrace for more info)
[INFO] [stdout] 
[INFO] [stdout] 
[INFO] [stdout] error[E0698]: type inside `async fn` body must be known in this context
[INFO] [stdout]    --> src/client.rs:54:19
[INFO] [stdout]     |
[INFO] [stdout] 54  |             match timeout($self.timeout, fut).await {
[INFO] [stdout]     |                   ^^^^^^^^^^^^^^^^^^^^^^^^^^^^^^^^^ cannot infer type
[INFO] [stdout] ...
[INFO] [stdout] 238 |         retry!(self, self.client.get_user_from_name(ctx!(), name.clone()))
[INFO] [stdout]     |         ------------------------------------------------------------------ in this macro invocation
[INFO] [stdout]     |
[INFO] [stdout] note: the type is part of the `async fn` body because of this `await`
[INFO] [stdout]    --> src/client.rs:66:41
[INFO] [stdout]     |
[INFO] [stdout] 66  |                     if let Err(error) = $self.reconnect().await {
[INFO] [stdout]     |                                         ^^^^^^^^^^^^^^^^^^^^^^^
[INFO] [stdout] ...
[INFO] [stdout] 238 |         retry!(self, self.client.get_user_from_name(ctx!(), name.clone()))
[INFO] [stdout]     |         ------------------------------------------------------------------ in this macro invocation
[INFO] [stdout]     = note: this error originates in a macro (in Nightly builds, run with -Z macro-backtrace for more info)
[INFO] [stdout] 
[INFO] [stdout] 
[INFO] [stdout] error[E0698]: type inside `async fn` body must be known in this context
[INFO] [stdout]    --> src/client.rs:54:19
[INFO] [stdout]     |
[INFO] [stdout] 54  |             match timeout($self.timeout, fut).await {
[INFO] [stdout]     |                   ^^^^^^^^^^^^^^^^^^^^^^^^^^^^^^^^^ cannot infer type
[INFO] [stdout] ...
[INFO] [stdout] 129 |         retry!(self, self.client.ping(ctx!()))
[INFO] [stdout]     |         -------------------------------------- in this macro invocation
[INFO] [stdout]     |
[INFO] [stdout] note: the type is part of the `async fn` body because of this `await`
[INFO] [stdout]    --> src/client.rs:66:41
[INFO] [stdout]     |
[INFO] [stdout] 66  |                     if let Err(error) = $self.reconnect().await {
[INFO] [stdout]     |                                         ^^^^^^^^^^^^^^^^^^^^^^^
[INFO] [stdout] ...
[INFO] [stdout] 129 |         retry!(self, self.client.ping(ctx!()))
[INFO] [stdout]     |         -------------------------------------- in this macro invocation
[INFO] [stdout]     = note: this error originates in a macro (in Nightly builds, run with -Z macro-backtrace for more info)
[INFO] [stdout] 
[INFO] [stdout] 
[INFO] [stdout] error[E0698]: type inside `async fn` body must be known in this context
[INFO] [stdout]    --> src/client.rs:54:19
[INFO] [stdout]     |
[INFO] [stdout] 54  |             match timeout($self.timeout, fut).await {
[INFO] [stdout]     |                   ^^^^^^^^^^^^^^^^^^^^^^^^^^^^^^^^^ cannot infer type
[INFO] [stdout] ...
[INFO] [stdout] 244 |         retry!(self, self.client.get_user_from_email(ctx!(), email.clone()))
[INFO] [stdout]     |         -------------------------------------------------------------------- in this macro invocation
[INFO] [stdout]     |
[INFO] [stdout] note: the type is part of the `async fn` body because of this `await`
[INFO] [stdout]    --> src/client.rs:66:41
[INFO] [stdout]     |
[INFO] [stdout] 66  |                     if let Err(error) = $self.reconnect().await {
[INFO] [stdout]     |                                         ^^^^^^^^^^^^^^^^^^^^^^^
[INFO] [stdout] ...
[INFO] [stdout] 244 |         retry!(self, self.client.get_user_from_email(ctx!(), email.clone()))
[INFO] [stdout]     |         -------------------------------------------------------------------- in this macro invocation
[INFO] [stdout]     = note: this error originates in a macro (in Nightly builds, run with -Z macro-backtrace for more info)
[INFO] [stdout] 
[INFO] [stdout] 
[INFO] [stdout] error[E0698]: type inside `async fn` body must be known in this context
[INFO] [stdout]    --> src/client.rs:54:19
[INFO] [stdout]     |
[INFO] [stdout] 54  |               match timeout($self.timeout, fut).await {
[INFO] [stdout]     |                     ^^^^^^^^^^^^^^^^^^^^^^^^^^^^^^^^^ cannot infer type
[INFO] [stdout] ...
[INFO] [stdout] 147 | /         retry!(
[INFO] [stdout] 148 | |             self,
[INFO] [stdout] 149 | |             self.client.login(
[INFO] [stdout] 150 | |                 ctx!(),
[INFO] [stdout] ...   |
[INFO] [stdout] 154 | |             ),
[INFO] [stdout] 155 | |         )
[INFO] [stdout]     | |_________- in this macro invocation
[INFO] [stdout]     |
[INFO] [stdout] note: the type is part of the `async fn` body because of this `await`
[INFO] [stdout]    --> src/client.rs:66:41
[INFO] [stdout]     |
[INFO] [stdout] 66  |                       if let Err(error) = $self.reconnect().await {
[INFO] [stdout]     |                                           ^^^^^^^^^^^^^^^^^^^^^^^
[INFO] [stdout] ...
[INFO] [stdout] 147 | /         retry!(
[INFO] [stdout] 148 | |             self,
[INFO] [stdout] 149 | |             self.client.login(
[INFO] [stdout] 150 | |                 ctx!(),
[INFO] [stdout] ...   |
[INFO] [stdout] 154 | |             ),
[INFO] [stdout] 155 | |         )
[INFO] [stdout]     | |_________- in this macro invocation
[INFO] [stdout]     = note: this error originates in a macro (in Nightly builds, run with -Z macro-backtrace for more info)
[INFO] [stdout] 
[INFO] [stdout] 
[INFO] [stdout] error[E0698]: type inside `async fn` body must be known in this context
[INFO] [stdout]    --> src/client.rs:54:19
[INFO] [stdout]     |
[INFO] [stdout] 54  |               match timeout($self.timeout, fut).await {
[INFO] [stdout]     |                     ^^^^^^^^^^^^^^^^^^^^^^^^^^^^^^^^^ cannot infer type
[INFO] [stdout] ...
[INFO] [stdout] 197 | /         retry!(
[INFO] [stdout] 198 | |             self,
[INFO] [stdout] 199 | |             self.client
[INFO] [stdout] 200 | |                 .create_user(ctx!(), name.clone(), email.clone(), password.clone()),
[INFO] [stdout] 201 | |         )
[INFO] [stdout]     | |_________- in this macro invocation
[INFO] [stdout]     |
[INFO] [stdout] note: the type is part of the `async fn` body because of this `await`
[INFO] [stdout]    --> src/client.rs:66:41
[INFO] [stdout]     |
[INFO] [stdout] 66  |                       if let Err(error) = $self.reconnect().await {
[INFO] [stdout]     |                                           ^^^^^^^^^^^^^^^^^^^^^^^
[INFO] [stdout] ...
[INFO] [stdout] 197 | /         retry!(
[INFO] [stdout] 198 | |             self,
[INFO] [stdout] 199 | |             self.client
[INFO] [stdout] 200 | |                 .create_user(ctx!(), name.clone(), email.clone(), password.clone()),
[INFO] [stdout] 201 | |         )
[INFO] [stdout]     | |_________- in this macro invocation
[INFO] [stdout]     = note: this error originates in a macro (in Nightly builds, run with -Z macro-backtrace for more info)
[INFO] [stdout] 
[INFO] [stdout] 
[INFO] [stdout] error[E0698]: type inside `async fn` body must be known in this context
[INFO] [stdout]    --> src/client.rs:54:19
[INFO] [stdout]     |
[INFO] [stdout] 54  |             match timeout($self.timeout, fut).await {
[INFO] [stdout]     |                   ^^^^^^^^^^^^^^^^^^^^^^^^^^^^^^^^^ cannot infer type
[INFO] [stdout] ...
[INFO] [stdout] 238 |         retry!(self, self.client.get_user_from_name(ctx!(), name.clone()))
[INFO] [stdout]     |         ------------------------------------------------------------------ in this macro invocation
[INFO] [stdout]     |
[INFO] [stdout] note: the type is part of the `async fn` body because of this `await`
[INFO] [stdout]    --> src/client.rs:66:41
[INFO] [stdout]     |
[INFO] [stdout] 66  |                     if let Err(error) = $self.reconnect().await {
[INFO] [stdout]     |                                         ^^^^^^^^^^^^^^^^^^^^^^^
[INFO] [stdout] ...
[INFO] [stdout] 238 |         retry!(self, self.client.get_user_from_name(ctx!(), name.clone()))
[INFO] [stdout]     |         ------------------------------------------------------------------ in this macro invocation
[INFO] [stdout]     = note: this error originates in a macro (in Nightly builds, run with -Z macro-backtrace for more info)
[INFO] [stdout] 
[INFO] [stdout] 
[INFO] [stdout] error[E0698]: type inside `async fn` body must be known in this context
[INFO] [stdout]    --> src/client.rs:54:19
[INFO] [stdout]     |
[INFO] [stdout] 54  |             match timeout($self.timeout, fut).await {
[INFO] [stdout]     |                   ^^^^^^^^^^^^^^^^^^^^^^^^^^^^^^^^^ cannot infer type
[INFO] [stdout] ...
[INFO] [stdout] 244 |         retry!(self, self.client.get_user_from_email(ctx!(), email.clone()))
[INFO] [stdout]     |         -------------------------------------------------------------------- in this macro invocation
[INFO] [stdout]     |
[INFO] [stdout] note: the type is part of the `async fn` body because of this `await`
[INFO] [stdout]    --> src/client.rs:66:41
[INFO] [stdout]     |
[INFO] [stdout] 66  |                     if let Err(error) = $self.reconnect().await {
[INFO] [stdout]     |                                         ^^^^^^^^^^^^^^^^^^^^^^^
[INFO] [stdout] ...
[INFO] [stdout] 244 |         retry!(self, self.client.get_user_from_email(ctx!(), email.clone()))
[INFO] [stdout]     |         -------------------------------------------------------------------- in this macro invocation
[INFO] [stdout]     = note: this error originates in a macro (in Nightly builds, run with -Z macro-backtrace for more info)
[INFO] [stdout] 
[INFO] [stdout] 
[INFO] [stdout] error: aborting due to 44 previous errors
[INFO] [stdout] 
[INFO] [stdout] 
[INFO] [stdout] Some errors have detailed explanations: E0412, E0432, E0603, E0698.
[INFO] [stdout] 
[INFO] [stdout] For more information about an error, try `rustc --explain E0412`.
[INFO] [stdout] 
[INFO] [stderr] error: could not compile `deepwell-rpc`.
[INFO] [stderr] 
[INFO] [stderr] To learn more, run the command again with --verbose.
[INFO] [stderr] warning: build failed, waiting for other jobs to finish...
[INFO] [stdout] error: aborting due to 44 previous errors
[INFO] [stdout] 
[INFO] [stdout] 
[INFO] [stdout] Some errors have detailed explanations: E0412, E0432, E0603, E0698.
[INFO] [stdout] 
[INFO] [stdout] For more information about an error, try `rustc --explain E0412`.
[INFO] [stdout] 
[INFO] [stderr] error: build failed
[INFO] running `Command { std: "docker" "inspect" "3bca188192e65798dc67c3427d1d2c94f95e4061a6c520f3bdf47d77e7ade0dd", kill_on_drop: false }`
[INFO] running `Command { std: "docker" "rm" "-f" "3bca188192e65798dc67c3427d1d2c94f95e4061a6c520f3bdf47d77e7ade0dd", kill_on_drop: false }`
[INFO] [stdout] 3bca188192e65798dc67c3427d1d2c94f95e4061a6c520f3bdf47d77e7ade0dd
